10?
2, 5, 29, 139
List the prime factors of 37128.
2, 3, 7, 13, 17
What are the prime factors of 168038?
2, 13, 23, 281
List the prime factors of 619.
619
List the prime factors of 632.
2, 79
List the prime factors of 3783.
3, 13, 97
List the prime factors of 753.
3, 251
What are the prime factors of 566?
2, 283
What are the prime factors of 4197?
3, 1399
List the prime factors of 267.
3, 89
List the prime factors of 1098.
2, 3, 61
What are the prime factors of 27335?
5, 7, 11, 71
What are the prime factors of 163?
163
What are the prime factors of 807?
3, 269
What are the prime factors of 8058?
2, 3, 17, 79
What are the prime factors of 87?
3, 29
List the prime factors of 73901.
67, 1103
What are the prime factors of 3241?
7, 463
What are the prime factors of 25120?
2, 5, 157
List the prime factors of 6844.
2, 29, 59
List the prime factors of 1074.
2, 3, 179
List the prime factors of 21669.
3, 31, 233
What are the prime factors of 4912?
2, 307
What are the prime factors of 9514?
2, 67, 71
What are the prime factors of 17492?
2, 4373
List the prime factors of 3422.
2, 29, 59
List the prime factors of 627.
3, 11, 19
List the prime factors of 67874.
2, 33937
What are the prime factors of 17770?
2, 5, 1777
List the prime factors of 5121.
3, 569
List the prime factors of 1194.
2, 3, 199
List the prime factors of 27974.
2, 71, 197
List the prime factors of 11508.
2, 3, 7, 137
What are the prime factors of 23823?
3, 2647
What are the prime factors of 10297?
7, 1471
List the prime factors of 14277.
3, 4759
What are the prime factors of 4954?
2, 2477
List the prime factors of 115.
5, 23
List the prime factors of 4942.
2, 7, 353
List the prime factors of 2667.
3, 7, 127
List the prime factors of 5186.
2, 2593
List the prime factors of 2968.
2, 7, 53
What are the prime factors of 695?
5, 139
What are the prime factors of 1637?
1637
What are the prime factors of 11352?
2, 3, 11, 43
What are the prime factors of 68311?
68311
What are the prime factors of 147812?
2, 7, 5279
List the prime factors of 19186.
2, 53, 181
List the prime factors of 20823.
3, 11, 631
What are the prime factors of 1353?
3, 11, 41
List the prime factors of 2811.
3, 937
What are the prime factors of 344?
2, 43
What are the prime factors of 28814?
2, 14407
What are the prime factors of 33870?
2, 3, 5, 1129
What are the prime factors of 3238?
2, 1619
What are the prime factors of 13862?
2, 29, 239
What are the prime factors of 10907?
13, 839
List the prime factors of 33937.
33937
List the prime factors of 2166.
2, 3, 19
What are the prime factors of 939?
3, 313
What are the prime factors of 4918?
2, 2459
List the prime factors of 2963.
2963
What are the prime factors of 19126?
2, 73, 131
What are the prime factors of 9431?
9431
List the prime factors of 7243.
7243
List the prime factors of 17170.
2, 5, 17, 101
What are the prime factors of 1490?
2, 5, 149
What are the prime factors of 2918?
2, 1459
List the prime factors of 58948.
2, 14737
What are the prime factors of 1198?
2, 599
List the prime factors of 2058.
2, 3, 7
List the prime factors of 1027.
13, 79
List the prime factors of 1588.
2, 397
What are the prime factors of 13169?
13, 1013
List the prime factors of 10072.
2, 1259
List the prime factors of 17280.
2, 3, 5
What are the prime factors of 4281?
3, 1427
What are the prime factors of 1465?
5, 293
List the prime factors of 5450.
2, 5, 109
What are the prime factors of 3721?
61
List the prime factors of 105072.
2, 3, 11, 199
List the prime factors of 10878.
2, 3, 7, 37
What are the prime factors of 19907?
17, 1171
What are the prime factors of 1210?
2, 5, 11
What are the prime factors of 79195?
5, 47, 337
List the prime factors of 744.
2, 3, 31
List the prime factors of 50192.
2, 3137
List the prime factors of 6313.
59, 107
What are the prime factors of 36203?
41, 883
What are the prime factors of 5346?
2, 3, 11
List the prime factors of 3876.
2, 3, 17, 19
What are the prime factors of 128781?
3, 41, 349
What are the prime factors of 1763?
41, 43
What are the prime factors of 37680?
2, 3, 5, 157
What are the prime factors of 58341?
3, 19447
List the prime factors of 9167.
89, 103
What are the prime factors of 552?
2, 3, 23
List the prime factors of 50833.
50833
List the prime factors of 1118.
2, 13, 43
List the prime factors of 145019.
7, 20717
List the prime factors of 1167.
3, 389
What are the prime factors of 13906?
2, 17, 409
List the prime factors of 68787.
3, 7643
List the prime factors of 78629.
61, 1289
List the prime factors of 1010.
2, 5, 101
What are the prime factors of 1428?
2, 3, 7, 17
List the prime factors of 110780.
2, 5, 29, 191
List the prime factors of 84145.
5, 16829
List the prime factors of 81240.
2, 3, 5, 677
List the prime factors of 13870.
2, 5, 19, 73
What are the prime factors of 19111?
29, 659
List the prime factors of 2557.
2557
List the prime factors of 617.
617
What are the prime factors of 6574?
2, 19, 173
List the prime factors of 36265.
5, 7253
List the prime factors of 5171.
5171
List the prime factors of 1283.
1283
What are the prime factors of 50157?
3, 5573
List the prime factors of 31706.
2, 83, 191
What are the prime factors of 5345?
5, 1069
List the prime factors of 1688.
2, 211
List the prime factors of 45450.
2, 3, 5, 101
What are the prime factors of 53850?
2, 3, 5, 359
What are the prime factors of 7869?
3, 43, 61
What are the prime factors of 1162?
2, 7, 83
List the prime factors of 57197.
7, 8171
What are the prime factors of 2188?
2, 547
List the prime factors of 9813.
3, 3271
What are the prime factors of 1539?
3, 19
List the prime factors of 9205.
5, 7, 263
What are the prime factors of 91?
7, 13
List the prime factors of 17120.
2, 5, 107
List the prime factors of 3967.
3967
List the prime factors of 1116.
2, 3, 31
List the prime factors of 2491.
47, 53
List the prime factors of 335.
5, 67
List the prime factors of 29740.
2, 5, 1487
What are the prime factors of 2122?
2, 1061
List the prime factors of 793.
13, 61
What are the prime factors of 11370?
2, 3, 5, 379
List the prime factors of 1168.
2, 73
What are the prime factors of 46092?
2, 3, 23, 167
List the prime factors of 6348.
2, 3, 23
What are the prime factors of 3567?
3, 29, 41
What are the prime factors of 1346?
2, 673
List the prime factors of 587.
587
List the prime factors of 2344.
2, 293
What are the prime factors of 57493?
57493
What are the prime factors of 48445?
5, 9689
What are the prime factors of 3047?
11, 277
List the prime factors of 1924.
2, 13, 37
List the prime factors of 1370.
2, 5, 137
What are the prime factors of 1866?
2, 3, 311
List the prime factors of 81142.
2, 29, 1399
List the prime factors of 2160.
2, 3, 5
What are the prime factors of 1389?
3, 463
List the prime factors of 6551.
6551
What are the prime factors of 6229?
6229
What are the prime factors of 545?
5, 109
What are the prime factors of 194?
2, 97
List the prime factors of 5483.
5483
List the prime factors of 1364.
2, 11, 31
List the prime factors of 2060.
2, 5, 103
What are the prime factors of 1330?
2, 5, 7, 19
What are the prime factors of 1292?
2, 17, 19
What are the prime factors of 24967?
24967
What are the prime factors of 345?
3, 5, 23
List the prime factors of 15566.
2, 43, 181
List the prime factors of 122518.
2, 11, 5569
What are the prime factors of 10774?
2, 5387
What are the prime factors of 5770?
2, 5, 577
List the prime factors of 18264.
2, 3, 761
What are the prime factors of 46764?
2, 3, 433
List the prime factors of 23703.
3, 7901
What are the prime factors of 5963?
67, 89
What are the prime factors of 1213?
1213
What are the prime factors of 15700?
2, 5, 157
List the prime factors of 281.
281
List the prime factors of 12305.
5, 23, 107
What are the prime factors of 352?
2, 11
What are the prime factors of 6316?
2, 1579
What are the prime factors of 94?
2, 47
List the prime factors of 1897.
7, 271
What are the prime factors of 2609?
2609
What are the prime factors of 21871?
21871
What are the prime factors of 6853?
7, 11, 89
What are the prime factors of 481?
13, 37
What are the prime factors of 2903?
2903
What are the prime factors of 17822?
2, 7, 19, 67
What are the prime factors of 9073?
43, 211
List the prime factors of 19462.
2, 37, 263
List the prime fa